{"id":1982,"date":"2009-07-01T08:15:42","date_gmt":"2009-07-01T06:15:42","guid":{"rendered":"http:\/\/www.zsvm.cz\/?page_id=1982"},"modified":"2009-07-01T08:15:42","modified_gmt":"2009-07-01T06:15:42","slug":"jednaci-rad-skolske-rady-pri-zs-v-mensika-ivancice","status":"publish","type":"page","link":"https:\/\/www.zsvm.cz\/?page_id=1982","title":{"rendered":"Jednac\u00ed \u0159\u00e1d \u0161kolsk\u00e9 rady p\u0159i&nbsp;Z\u0160 V. Men\u0161\u00edka Ivan\u010dice"},"content":{"rendered":"<p><strong>\u010cl\u00e1nek 1<\/strong><\/p>\n<p>\u0160kolsk\u00e1 rada vykon\u00e1v\u00e1 sv\u00e9 p\u016fsobnosti podle \u00a7 167 a&nbsp;\u00a7 168 z\u00e1kona \u010d 561\/2004 Sb., o&nbsp;p\u0159ed\u0161koln\u00edm, z\u00e1kladn\u00edm, st\u0159edn\u00edm, vy\u0161\u0161\u00edm odborn\u00e9m a&nbsp;jin\u00e9m vzd\u011bl\u00e1v\u00e1n\u00ed (\u0161kolsk\u00fd z\u00e1kon). <\/p>\n<p> <strong>\u010cl\u00e1nek 2<\/strong><br \/>\n \u0160kolsk\u00e1 rada se sch\u00e1z\u00ed ke sv\u00fdm sch\u016fz\u00edm podle pot\u0159eby, nejm\u00e9n\u011b v\u0161ak dvakr\u00e1t ro\u010dn\u011b. Term\u00edny sch\u016fz\u00ed se stanov\u00ed s\u00a0ohledem na p\u016fsobnost \u0161kolsk\u00e9 rady stanoven\u00e9 z\u00e1konem. <\/p>\n<p> <strong>\u010cl\u00e1nek 3<\/strong><br \/>\n Program jedn\u00e1n\u00ed navrhuje p\u0159edseda \u0161kolsk\u00e9 rady. Vych\u00e1z\u00ed p\u0159itom z&nbsp;povinnost\u00ed ulo\u017een\u00fdch \u0161kolsk\u00e9 rad\u011b \u0161kolsk\u00fdm z\u00e1konem, z\u00a0podn\u011bt\u016f a&nbsp;n\u00e1vrh\u016f ze z\u00e1kona opr\u00e1vn\u011bn\u00fdch osob, z&nbsp;podn\u011bt\u016f a&nbsp;n\u00e1vrh\u016f \u010dlen\u016f \u0161kolsk\u00e9 rady, p\u0159\u00edpadn\u011b \u0159editele \u010di&nbsp;z\u0159izovatele \u0161koly. <\/p>\n<p> <strong>\u010cl\u00e1nek 4<\/strong><br \/>\n Sch\u016fze \u0161kolsk\u00e9 rady svol\u00e1v\u00e1 p\u0159edseda, pop\u0159\u00edpad\u011b m\u00edstop\u0159edseda. Podklady pro jedn\u00e1n\u00ed zaji\u0161\u0165uj\u00ed \u010dlenov\u00e9 \u0161kolsk\u00e9 rady a\u00a0\u0159editel \u0161koly v&nbsp;rozsahu, kter\u00fd vymezuje z\u00e1kon. <\/p>\n<p> <strong>\u010cl\u00e1nek 5<\/strong><br \/>\n \u0160kolsk\u00e1 rada jedn\u00e1 podle programu, kter\u00fd schv\u00e1l\u00ed na n\u00e1vrh sv\u00e9ho p\u0159edsedy nebo jin\u00e9ho \u010dlena \u0161kolsk\u00e9 rady. V&nbsp;\u00favodu jedn\u00e1n\u00ed projedn\u00e1v\u00e1 \u0161kolsk\u00e1 rada kontrolu pln\u011bn\u00ed \u00fakol\u016f a&nbsp;informace jednotliv\u00fdch \u010dlen\u016f \u0161kolsk\u00e9 rady, pop\u0159\u00edpad\u011b \u0159editele \u0161koly, pokud je p\u0159izv\u00e1n k&nbsp;jedn\u00e1n\u00ed \u0161kolsk\u00e9 rady. V&nbsp;dal\u0161\u00edm pr\u016fb\u011bhu se projedn\u00e1vaj\u00ed nov\u00e9 n\u00e1vrhy a&nbsp;p\u0159ipom\u00ednky \u010dlen\u016f \u0161kolsk\u00e9 rady. <\/p>\n<p> <strong>\u010cl\u00e1nek 6<\/strong><br \/>\n \u0160kolsk\u00e1 rada se usn\u00e1\u0161\u00ed nadpolovi\u010dn\u00ed v\u011bt\u0161inou v\u0161ech sv\u00fdch \u010dlen\u016f p\u0159i&nbsp;schvalov\u00e1n\u00ed v\u00fdro\u010dn\u00ed zpr\u00e1vy o&nbsp;\u010dinnosti \u0161koly, \u0161koln\u00edho \u0159\u00e1du v\u010detn\u011b navrhov\u00e1n\u00ed jeho zm\u011bn a&nbsp;pravidel pro hodnocen\u00ed v\u00fdsledk\u016f vzd\u011bl\u00e1v\u00e1n\u00ed \u017e\u00e1k\u016f. V&nbsp;ostatn\u00edch p\u0159\u00edpadech se usn\u00e1\u0161\u00ed \u0161kolsk\u00e1 rada v\u011bt\u0161inou p\u0159\u00edtomn\u00fdch \u010dlen\u016f. P\u0159i&nbsp;rovnosti hlas\u016f rozhoduje hlas p\u0159edsedy \u0161kolsk\u00e9 rady. Usnesen\u00ed \u0161kolsk\u00e9 rady podepisuje jej\u00ed p\u0159edseda a&nbsp;dal\u0161\u00ed pov\u011b\u0159en\u00fd \u010dlen \u0161kolsk\u00e9 rady. <\/p>\n<p> <strong>\u010cl\u00e1nek 7<\/strong><br \/>\n Usnesen\u00ed \u0161kolsk\u00e9 rady vyhotovuje p\u00edsemn\u011b \u010dlen \u0161kolsk\u00e9 rady pov\u011b\u0159en\u00fd \u0161kolskou radou. O&nbsp;jedn\u00e1n\u00edch \u0161kolsk\u00e9 rady po\u0159izuje z\u00e1znam \u010dlen \u0161kolsk\u00e9 rady pov\u011b\u0159en\u00fd \u0161kolskou radou. <\/p>\n<p> <strong>\u010cl\u00e1nek 8<\/strong><br \/>\n \u0160kolsk\u00e1 rada informuje z\u00e1konn\u00e9 z\u00e1stupce \u017e\u00e1k\u016f \u0161koly, pedagogick\u00e9 pracovn\u00edky a&nbsp;z\u0159izovatele \u0161koly o&nbsp;v\u00fdsledc\u00edch sv\u00e9 \u010dinnosti pr\u016fb\u011b\u017en\u011b na webov\u00fdch str\u00e1nk\u00e1ch \u0161koly. <\/p>\n<p> <strong>\u010cl\u00e1nek 9<\/strong><br \/>\n Zm\u011bny, dopl\u0148ky nebo vyd\u00e1n\u00ed nov\u00e9ho jednac\u00edho \u0159\u00e1du podl\u00e9haj\u00ed schv\u00e1len\u00ed \u0161kolskou radou.<\/p>\n<p> Tento jednac\u00ed \u0159\u00e1d nab\u00fdv\u00e1 \u00fa\u010dinnosti 19.&nbsp;6.&nbsp;2009.\u00a0<strong><\/strong><\/p>\n","protected":false},"excerpt":{"rendered":"<p>\u010cl\u00e1nek 1 \u0160kolsk\u00e1 rada vykon\u00e1v\u00e1 sv\u00e9 p\u016fsobnosti podle \u00a7 167 a&nbsp;\u00a7 168 z\u00e1kona \u010d 561\/2004 Sb., o&nbsp;p\u0159ed\u0161koln\u00edm, z\u00e1kladn\u00edm, st\u0159edn\u00edm, vy\u0161\u0161\u00edm odborn\u00e9m a&nbsp;jin\u00e9m vzd\u011bl\u00e1v\u00e1n\u00ed (\u0161kolsk\u00fd z\u00e1kon). \u010cl\u00e1nek 2 \u0160kolsk\u00e1 rada se sch\u00e1z\u00ed ke sv\u00fdm sch\u016fz\u00edm podle pot\u0159eby, nejm\u00e9n\u011b v\u0161ak dvakr\u00e1t ro\u010dn\u011b. &hellip; <a href=\"https:\/\/www.zsvm.cz\/?page_id=1982\">Continue reading <span class=\"meta-nav\">&rarr;<\/span><\/a><\/p>\n","protected":false},"author":2,"featured_media":0,"parent":0,"menu_order":0,"comment_status":"closed","ping_status":"closed","template":"","meta":{"ngg_post_thumbnail":0,"footnotes":""},"class_list":["post-1982","page","type-page","status-publish","hentry"],"_links":{"self":[{"href":"https:\/\/www.zsvm.cz\/index.php?rest_route=\/wp\/v2\/pages\/1982","targetHints":{"allow":["GET"]}}],"collection":[{"href":"https:\/\/www.zsvm.cz\/index.php?rest_route=\/wp\/v2\/pages"}],"about":[{"href":"https:\/\/www.zsvm.cz\/index.php?rest_route=\/wp\/v2\/types\/page"}],"author":[{"embeddable":true,"href":"https:\/\/www.zsvm.cz\/index.php?rest_route=\/wp\/v2\/users\/2"}],"replies":[{"embeddable":true,"href":"https:\/\/www.zsvm.cz\/index.php?rest_route=%2Fwp%2Fv2%2Fcomments&post=1982"}],"version-history":[{"count":0,"href":"https:\/\/www.zsvm.cz\/index.php?rest_route=\/wp\/v2\/pages\/1982\/revisions"}],"wp:attachment":[{"href":"https:\/\/www.zsvm.cz\/index.php?rest_route=%2Fwp%2Fv2%2Fmedia&parent=1982"}],"curies":[{"name":"wp","href":"https:\/\/api.w.org\/{rel}","templated":true}]}}